{"id":5072,"date":"2016-07-21T23:47:58","date_gmt":"2016-07-21T21:47:58","guid":{"rendered":"http:\/\/medicoos.gdevelop.de\/?page_id=5072"},"modified":"2022-02-04T12:12:55","modified_gmt":"2022-02-04T12:12:55","slug":"wir-als-partner","status":"publish","type":"page","link":"https:\/\/medicoos.de\/start\/wir-als-partner\/","title":{"rendered":"\u00dcber uns"},"content":{"rendered":"<section class=\"l-section wpb_row height_medium\"><div class=\"l-section-h i-cf\"><div class=\"g-cols vc_row via_flex valign_top type_default stacking_default\"><div class=\"vc_col-sm-12 wpb_column vc_column_container\"><div class=\"vc_column-inner\"><div class=\"wpb_wrapper\"><div class=\"wpb_text_column\"><div class=\"wpb_wrapper\"><h5>medicoos &#8211; Immer gut versorgt<\/h5>\n<p>Der Medicoos Berufsverband e.V. ist ein Zusammenschluss von rund 30 niedergelassenen Haus- und Fach\u00e4rzten aus Steinfurt und Umgebung.<\/p>\n<p>Unser Praxisnetz hat das Ziel, eine wohnortnahe, qualitativ hochwertige medizinische Versorgung der Bev\u00f6lkerung sicherzustellen.<\/p>\n<p>&nbsp;<\/p>\n<h5>Gut, besser, medicoos \u2013 das Praxisnetz mit Auszeichnung<\/h5>\n<p>Seit 2015 geh\u00f6ren wir zu den von der Kassen\u00e4rztlichen Vereinigung anerkannten und f\u00f6rderungsf\u00e4higen Praxisnetzen in Westfalen-Lippe. F\u00fcr dieses Zertifikat muss ein Praxisnetz besondere Versorgungsstrukturen vorweisen, die regelm\u00e4\u00dfig kontrolliert werden. Um unseren hohen Standard noch zu verbessern, arbeiten wir kontinuierlich daran, die Qualit\u00e4t der Patientenversorgung weiter zu steigern. Mit Wirkung vom 11. November 2021 darf die medicoos freudig die Anerkennung der n\u00e4chsth\u00f6heren Stufe 1 f\u00fchren. Voraussetzung sind weit h\u00f6here Struktur- und Zielvorgaben zur Patientenversorgung. Die Zertifizierung erm\u00f6glicht dem Verbund die Teilnahme an speziellen Vertr\u00e4gen der Krankenkassen und F\u00f6rdermittel f\u00fcr die Gesundheitsversorgung in die Region zu holen.<\/p>\n<h5>Zukunftsgedanken<\/h5>\n<p>Um die Patientenversorgung zu verbessern sowie die Zusammenarbeit unserer Mitglieder zu vereinfachen und zu st\u00e4rken ist eine digitale Vernetzung zwischen unseren Praxen l\u00e4ngst schon Realit\u00e4t geworden. So k\u00f6nnen wichtige und aktuelle Patientendaten im Notfall schnell abgerufen werden.<\/p>\n<p>Auch sonst schreitet die Digitalisierung im Gesundheitsbereich voran. So gibt es neben der \u201eAPP zum Doc\u201c auch die M\u00f6glichkeit, online Termine, Rezepte und \u00dcberweisungen anzufragen, das Leistungsspektrum und \u00d6ffnungszeiten einzusehen sowie einen Medikationsplan digital zu erfassen und zu \u00fcbertragen.<\/p>\n<p>&nbsp;<\/p>\n<p><img loading=\"lazy\" decoding=\"async\" class=\"aligncenter wp-image-6544 size-full\" src=\"https:\/\/medicoos.de\/wp-content\/uploads\/2021\/11\/Gruppe_Haus01-scaled.jpg\" alt=\"\" width=\"2560\" height=\"1708\" \/><\/p>\n<\/div><\/div><\/div><\/div><\/div><\/div><\/div><\/section>\n","protected":false},"excerpt":{"rendered":"medicoos &#8211; Immer gut versorgt Der Medicoos Berufsverband e.V. ist ein Zusammenschluss von rund 30 niedergelassenen Haus- und Fach\u00e4rzten aus Steinfurt und Umgebung. Unser Praxisnetz hat das Ziel, eine wohnortnahe, qualitativ hochwertige medizinische Versorgung der Bev\u00f6lkerung sicherzustellen. &nbsp; Gut, besser, medicoos \u2013 das Praxisnetz mit Auszeichnung Seit 2015 geh\u00f6ren wir zu den von der Kassen\u00e4rztlichen...","protected":false},"author":1,"featured_media":0,"parent":0,"menu_order":1,"comment_status":"closed","ping_status":"closed","template":"","meta":{"footnotes":""},"class_list":["post-5072","page","type-page","status-publish","hentry"],"_links":{"self":[{"href":"https:\/\/medicoos.de\/start\/wp-json\/wp\/v2\/pages\/5072","targetHints":{"allow":["GET"]}}],"collection":[{"href":"https:\/\/medicoos.de\/start\/wp-json\/wp\/v2\/pages"}],"about":[{"href":"https:\/\/medicoos.de\/start\/wp-json\/wp\/v2\/types\/page"}],"author":[{"embeddable":true,"href":"https:\/\/medicoos.de\/start\/wp-json\/wp\/v2\/users\/1"}],"replies":[{"embeddable":true,"href":"https:\/\/medicoos.de\/start\/wp-json\/wp\/v2\/comments?post=5072"}],"version-history":[{"count":22,"href":"https:\/\/medicoos.de\/start\/wp-json\/wp\/v2\/pages\/5072\/revisions"}],"predecessor-version":[{"id":6603,"href":"https:\/\/medicoos.de\/start\/wp-json\/wp\/v2\/pages\/5072\/revisions\/6603"}],"wp:attachment":[{"href":"https:\/\/medicoos.de\/start\/wp-json\/wp\/v2\/media?parent=5072"}],"curies":[{"name":"wp","href":"https:\/\/api.w.org\/{rel}","templated":true}]}}